{"id":3013487,"date":"2026-08-17T15:42:28","date_gmt":"2026-08-17T15:42:28","guid":{"rendered":"https:\/\/tenerifecenter.com\/sale\/apartament-la-camella-arona\/"},"modified":"2026-08-24T12:46:02","modified_gmt":"2026-08-24T12:46:02","slug":"apartament-la-camella-arona-vs5644vgm","status":"publish","type":"property_sale","link":"https:\/\/tenerifecenter.com\/pl\/sale\/apartament-la-camella-arona-vs5644vgm\/","title":{"rendered":"Apartament La Camella, Arona"},"content":{"rendered":"Uroczy apartament z 3 sypialniami i miejscem w gara\u017cu w La Camella, Arona\n\nZ przyjemno\u015bci\u0105 prezentujemy ten przytulny apartament z trzema sypialniami, po\u0142o\u017cony w La Camella \u2014 jednej z najbardziej ugruntowanych i cenionych dzielnic mieszkaniowych gminy Arona, na po\u0142udniu Teneryfy.\n\nNieruchomo\u015b\u0107 wyr\u00f3\u017cnia si\u0119 wyj\u0105tkowo dogodn\u0105 lokalizacj\u0105. W pobli\u017cu znajduj\u0105 si\u0119 szko\u0142y, supermarkety, sklepy, banki, restauracje oraz przystanki komunikacji publicznej. La Camella oferuje spok\u00f3j i autentyczny charakter tradycyjnej kanaryjskiej miejscowo\u015bci, a jednocze\u015bnie zapewnia doskona\u0142e po\u0142\u0105czenie z Los Cristianos, Adeje i najwa\u017cniejszymi pla\u017cami po\u0142udniowej Teneryfy, oddalonymi zaledwie o kilka minut jazdy samochodem.\n\nApartament zosta\u0142 zaprojektowany z my\u015bl\u0105 o wygodnym i funkcjonalnym codziennym \u017cyciu. Oferuje trzy sypialnie, dwie \u0142azienki, otwart\u0105 kuchni\u0119 oraz przytulny salon z wyj\u015bciem na niewielki taras \u2014 idealne miejsce na relaks po dniu pracy lub spokojne \u015bniadanie na \u015bwie\u017cym powietrzu.\n\nDodatkowym atutem budynku jest taras na dachu z miejscem do grillowania, doskona\u0142y do sp\u0119dzania mi\u0142ych chwil na zewn\u0105trz. W cen\u0119 nieruchomo\u015bci wliczone s\u0105 tak\u017ce ma\u0142a kom\u00f3rka lokatorska oraz prywatne miejsce parkingowe w gara\u017cu.\n\nTo znakomita propozycja dla os\u00f3b poszukuj\u0105cych komfortowego domu rodzinnego w spokojnej, dobrze skomunikowanej okolicy z pe\u0142n\u0105 infrastruktur\u0105 w pobli\u017cu, a tak\u017ce atrakcyjna inwestycja na po\u0142udniu wyspy.\n\nVYM Canarias, z ponad 16-letnim do\u015bwiadczeniem i pi\u0119cioma biurami na Teneryfie oraz Costa Blanca, zapewnia kompleksow\u0105 obs\u0142ug\u0119 przed i po zakupie, obejmuj\u0105c\u0105 zarz\u0105dzanie nieruchomo\u015bciami, wynajem, doradztwo prawne, ubezpieczenia i systemy bezpiecze\u0144stwa. Zapraszamy do zapoznania si\u0119 z ca\u0142\u0105 ofert\u0105 na www.vymcanarias.com.","protected":false},"author":3,"featured_media":0,"comment_status":"closed","ping_status":"closed","template":"","class_list":["post-3013487","property_sale","type-property_sale","status-publish","hentry","region_vs-arona","island_vs-tenerife","city_vs-la-camella","feature_vs-balkon","feature_vs-garaz","feature_vs-taras-na-dachu","feature_vs-widok-na-gory","type_vs-apartament"],"acf":[],"yoast_head":"<!-- This site is optimized with the Yoast SEO plugin v28.4 - https:\/\/yoast.com\/product\/yoast-seo-wordpress\/ -->\n<title>Apartament na Sprzeda\u017c w La Camella, Arona, Tenerife - Tenerife, Spagna<\/title>\n<meta name=\"description\" content=\"Apartament na Sprzeda\u017c: 220000 \u20ac, Pwo. ca\u0142kowita: 82m2, Pow. mieszkalna: 71m2, Sypialnie: 3, \u0141azienki: 2, Szafa: 3. Cechy: Balkon, Gara\u017c, Taras na dachu, Widok na g\u00f3ry\" \/>\n<meta name=\"robots\" content=\"index, follow, max-snippet:-1, max-image-preview:large, max-video-preview:-1\" \/>\n<link rel=\"canonical\" href=\"https:\/\/tenerifecenter.com\/pl\/sale\/apartament-la-camella-arona-vs5644vgm\/\" \/>\n<meta property=\"og:locale\" content=\"pl_PL\" \/>\n<meta property=\"og:type\" content=\"article\" \/>\n<meta property=\"og:title\" content=\"Apartament na Sprzeda\u017c w La Camella, Arona, Tenerife - Tenerife, Spagna\" \/>\n<meta property=\"og:description\" content=\"Apartament na Sprzeda\u017c: 220000 \u20ac, Pwo. ca\u0142kowita: 82m2, Pow. mieszkalna: 71m2, Sypialnie: 3, \u0141azienki: 2, Szafa: 3. Cechy: Balkon, Gara\u017c, Taras na dachu, Widok na g\u00f3ry\" \/>\n<meta property=\"og:url\" content=\"https:\/\/tenerifecenter.com\/pl\/sale\/apartament-la-camella-arona-vs5644vgm\/\" \/>\n<meta property=\"og:site_name\" content=\"VYM Canarias\" \/>\n<meta property=\"article:publisher\" content=\"https:\/\/www.facebook.com\/vym.canarias\" \/>\n<meta property=\"article:modified_time\" content=\"2026-08-24T12:46:02+00:00\" \/>\n<meta property=\"og:image\" content=\"https:\/\/tenerifecenter.com\/wp-content\/uploads\/2019\/11\/vym-canarias-icon-512-whitebg.png\" \/>\n\t<meta property=\"og:image:width\" content=\"512\" \/>\n\t<meta property=\"og:image:height\" content=\"512\" \/>\n\t<meta property=\"og:image:type\" content=\"image\/png\" \/>\n<meta name=\"twitter:card\" content=\"summary_large_image\" \/>\n<meta name=\"twitter:label1\" content=\"Szacowany czas czytania\" \/>\n\t<meta name=\"twitter:data1\" content=\"1 minuta\" \/>\n<script type=\"application\/ld+json\" class=\"yoast-schema-graph\">{\"@context\":\"https:\\\/\\\/schema.org\",\"@graph\":[{\"@type\":\"WebPage\",\"@id\":\"https:\\\/\\\/tenerifecenter.com\\\/pl\\\/sale\\\/apartament-la-camella-arona-vs5644vgm\\\/\",\"url\":\"https:\\\/\\\/tenerifecenter.com\\\/pl\\\/sale\\\/apartament-la-camella-arona-vs5644vgm\\\/\",\"name\":\"Apartament na Sprzeda\u017c w La Camella, Arona, Tenerife - Tenerife, Spagna\",\"isPartOf\":{\"@id\":\"https:\\\/\\\/tenerifecenter.com\\\/pl\\\/#website\"},\"datePublished\":\"2026-08-17T15:42:28+00:00\",\"dateModified\":\"2026-08-24T12:46:02+00:00\",\"description\":\"Apartament na Sprzeda\u017c: 220000 \u20ac, Pwo. ca\u0142kowita: 82m2, Pow. mieszkalna: 71m2, Sypialnie: 3, \u0141azienki: 2, Szafa: 3. Cechy: Balkon, Gara\u017c, Taras na dachu, Widok na g\u00f3ry\",\"breadcrumb\":{\"@id\":\"https:\\\/\\\/tenerifecenter.com\\\/pl\\\/sale\\\/apartament-la-camella-arona-vs5644vgm\\\/#breadcrumb\"},\"inLanguage\":\"pl-PL\",\"potentialAction\":[{\"@type\":\"ReadAction\",\"target\":[\"https:\\\/\\\/tenerifecenter.com\\\/pl\\\/sale\\\/apartament-la-camella-arona-vs5644vgm\\\/\"]}]},{\"@type\":\"BreadcrumbList\",\"@id\":\"https:\\\/\\\/tenerifecenter.com\\\/pl\\\/sale\\\/apartament-la-camella-arona-vs5644vgm\\\/#breadcrumb\",\"itemListElement\":[{\"@type\":\"ListItem\",\"position\":1,\"name\":\"Home\",\"item\":\"https:\\\/\\\/tenerifecenter.com\\\/pl\\\/\"},{\"@type\":\"ListItem\",\"position\":2,\"name\":\"Property for sale\",\"item\":\"https:\\\/\\\/tenerifecenter.com\\\/pl\\\/sale\\\/\"},{\"@type\":\"ListItem\",\"position\":3,\"name\":\"Apartament La Camella, Arona\"}]},{\"@type\":\"WebSite\",\"@id\":\"https:\\\/\\\/tenerifecenter.com\\\/pl\\\/#website\",\"url\":\"https:\\\/\\\/tenerifecenter.com\\\/pl\\\/\",\"name\":\"VYM Canarias\",\"description\":\"Real Estate - Tenerife\",\"potentialAction\":[{\"@type\":\"SearchAction\",\"target\":{\"@type\":\"EntryPoint\",\"urlTemplate\":\"https:\\\/\\\/tenerifecenter.com\\\/pl\\\/?s={search_term_string}\"},\"query-input\":{\"@type\":\"PropertyValueSpecification\",\"valueRequired\":true,\"valueName\":\"search_term_string\"}}],\"inLanguage\":\"pl-PL\"}]}<\/script>\n<!-- \/ Yoast SEO plugin. -->","yoast_head_json":{"title":"Apartament na Sprzeda\u017c w La Camella, Arona, Tenerife - Tenerife, Spagna","description":"Apartament na Sprzeda\u017c: 220000 \u20ac, Pwo. ca\u0142kowita: 82m2, Pow. mieszkalna: 71m2, Sypialnie: 3, \u0141azienki: 2, Szafa: 3. Cechy: Balkon, Gara\u017c, Taras na dachu, Widok na g\u00f3ry","robots":{"index":"index","follow":"follow","max-snippet":"max-snippet:-1","max-image-preview":"max-image-preview:large","max-video-preview":"max-video-preview:-1"},"canonical":"https:\/\/tenerifecenter.com\/pl\/sale\/apartament-la-camella-arona-vs5644vgm\/","og_locale":"pl_PL","og_type":"article","og_title":"Apartament na Sprzeda\u017c w La Camella, Arona, Tenerife - Tenerife, Spagna","og_description":"Apartament na Sprzeda\u017c: 220000 \u20ac, Pwo. ca\u0142kowita: 82m2, Pow. mieszkalna: 71m2, Sypialnie: 3, \u0141azienki: 2, Szafa: 3. Cechy: Balkon, Gara\u017c, Taras na dachu, Widok na g\u00f3ry","og_url":"https:\/\/tenerifecenter.com\/pl\/sale\/apartament-la-camella-arona-vs5644vgm\/","og_site_name":"VYM Canarias","article_publisher":"https:\/\/www.facebook.com\/vym.canarias","article_modified_time":"2026-08-24T12:46:02+00:00","og_image":[{"width":512,"height":512,"url":"https:\/\/tenerifecenter.com\/wp-content\/uploads\/2019\/11\/vym-canarias-icon-512-whitebg.png","type":"image\/png"}],"twitter_card":"summary_large_image","twitter_misc":{"Szacowany czas czytania":"1 minuta"},"schema":{"@context":"https:\/\/schema.org","@graph":[{"@type":"WebPage","@id":"https:\/\/tenerifecenter.com\/pl\/sale\/apartament-la-camella-arona-vs5644vgm\/","url":"https:\/\/tenerifecenter.com\/pl\/sale\/apartament-la-camella-arona-vs5644vgm\/","name":"Apartament na Sprzeda\u017c w La Camella, Arona, Tenerife - Tenerife, Spagna","isPartOf":{"@id":"https:\/\/tenerifecenter.com\/pl\/#website"},"datePublished":"2026-08-17T15:42:28+00:00","dateModified":"2026-08-24T12:46:02+00:00","description":"Apartament na Sprzeda\u017c: 220000 \u20ac, Pwo. ca\u0142kowita: 82m2, Pow. mieszkalna: 71m2, Sypialnie: 3, \u0141azienki: 2, Szafa: 3. Cechy: Balkon, Gara\u017c, Taras na dachu, Widok na g\u00f3ry","breadcrumb":{"@id":"https:\/\/tenerifecenter.com\/pl\/sale\/apartament-la-camella-arona-vs5644vgm\/#breadcrumb"},"inLanguage":"pl-PL","potentialAction":[{"@type":"ReadAction","target":["https:\/\/tenerifecenter.com\/pl\/sale\/apartament-la-camella-arona-vs5644vgm\/"]}]},{"@type":"BreadcrumbList","@id":"https:\/\/tenerifecenter.com\/pl\/sale\/apartament-la-camella-arona-vs5644vgm\/#breadcrumb","itemListElement":[{"@type":"ListItem","position":1,"name":"Home","item":"https:\/\/tenerifecenter.com\/pl\/"},{"@type":"ListItem","position":2,"name":"Property for sale","item":"https:\/\/tenerifecenter.com\/pl\/sale\/"},{"@type":"ListItem","position":3,"name":"Apartament La Camella, Arona"}]},{"@type":"WebSite","@id":"https:\/\/tenerifecenter.com\/pl\/#website","url":"https:\/\/tenerifecenter.com\/pl\/","name":"VYM Canarias","description":"Real Estate - Tenerife","potentialAction":[{"@type":"SearchAction","target":{"@type":"EntryPoint","urlTemplate":"https:\/\/tenerifecenter.com\/pl\/?s={search_term_string}"},"query-input":{"@type":"PropertyValueSpecification","valueRequired":true,"valueName":"search_term_string"}}],"inLanguage":"pl-PL"}]}},"_links":{"self":[{"href":"https:\/\/tenerifecenter.com\/pl\/wp-json\/wp\/v2\/property_sale\/3013487","targetHints":{"allow":["GET"]}}],"collection":[{"href":"https:\/\/tenerifecenter.com\/pl\/wp-json\/wp\/v2\/property_sale"}],"about":[{"href":"https:\/\/tenerifecenter.com\/pl\/wp-json\/wp\/v2\/types\/property_sale"}],"author":[{"embeddable":true,"href":"https:\/\/tenerifecenter.com\/pl\/wp-json\/wp\/v2\/users\/3"}],"replies":[{"embeddable":true,"href":"https:\/\/tenerifecenter.com\/pl\/wp-json\/wp\/v2\/comments?post=3013487"}],"wp:attachment":[{"href":"https:\/\/tenerifecenter.com\/pl\/wp-json\/wp\/v2\/media?parent=3013487"}],"curies":[{"name":"wp","href":"https:\/\/api.w.org\/{rel}","templated":true}]}}

Uroczy apartament z 3 sypialniami i miejscem w garażu w La Camella, Arona

Z przyjemnością prezentujemy ten przytulny apartament z trzema sypialniami, położony w La Camella — jednej z najbardziej ugruntowanych i cenionych dzielnic mieszkaniowych gminy Arona, na południu Teneryfy.

Nieruchomość wyróżnia się wyjątkowo dogodną lokalizacją. W pobliżu znajdują się szkoły, supermarkety, sklepy, banki, restauracje oraz przystanki komunikacji publicznej. La Camella oferuje spokój i autentyczny charakter tradycyjnej kanaryjskiej miejscowości, a jednocześnie zapewnia doskonałe połączenie z Los Cristianos, Adeje i najważniejszymi plażami południowej Teneryfy, oddalonymi zaledwie o kilka minut jazdy samochodem.

Apartament został zaprojektowany z myślą o wygodnym i funkcjonalnym codziennym życiu. Oferuje trzy sypialnie, dwie łazienki, otwartą kuchnię oraz przytulny salon z wyjściem na niewielki taras — idealne miejsce na relaks po dniu pracy lub spokojne śniadanie na świeżym powietrzu.

Dodatkowym atutem budynku jest taras na dachu z miejscem do grillowania, doskonały do spędzania miłych chwil na zewnątrz. W cenę nieruchomości wliczone są także mała komórka lokatorska oraz prywatne miejsce parkingowe w garażu.

To znakomita propozycja dla osób poszukujących komfortowego domu rodzinnego w spokojnej, dobrze skomunikowanej okolicy z pełną infrastrukturą w pobliżu, a także atrakcyjna inwestycja na południu wyspy.

VYM Canarias, z ponad 16-letnim doświadczeniem i pięcioma biurami na Teneryfie oraz Costa Blanca, zapewnia kompleksową obsługę przed i po zakupie, obejmującą zarządzanie nieruchomościami, wynajem, doradztwo prawne, ubezpieczenia i systemy bezpieczeństwa. Zapraszamy do zapoznania się z całą ofertą na www.vymcanarias.com.

<!-- This site is optimized with the Yoast SEO plugin v28.4 - https://yoast.com/product/yoast-seo-wordpress/ -->
<title>Apartament na Sprzedaż w La Camella, Arona, Tenerife - Tenerife, Spagna</title>
<meta name="description" content="Apartament na Sprzedaż: 220000 €, Pwo. całkowita: 82m2, Pow. mieszkalna: 71m2, Sypialnie: 3, Łazienki: 2, Szafa: 3. Cechy: Balkon, Garaż, Taras na dachu, Widok na góry" />
<meta name="robots" content="index, follow, max-snippet:-1, max-image-preview:large, max-video-preview:-1" />
<link rel="canonical" href="https://tenerifecenter.com/pl/sale/apartament-la-camella-arona-vs5644vgm/" />
<meta property="og:locale" content="pl_PL" />
<meta property="og:type" content="article" />
<meta property="og:title" content="Apartament na Sprzedaż w La Camella, Arona, Tenerife - Tenerife, Spagna" />
<meta property="og:description" content="Apartament na Sprzedaż: 220000 €, Pwo. całkowita: 82m2, Pow. mieszkalna: 71m2, Sypialnie: 3, Łazienki: 2, Szafa: 3. Cechy: Balkon, Garaż, Taras na dachu, Widok na góry" />
<meta property="og:url" content="https://tenerifecenter.com/pl/sale/apartament-la-camella-arona-vs5644vgm/" />
<meta property="og:site_name" content="VYM Canarias" />
<meta property="article:publisher" content="https://www.facebook.com/vym.canarias" />
<meta property="article:modified_time" content="2026-08-24T12:46:02+00:00" />
<meta property="og:image" content="https://tenerifecenter.com/wp-content/uploads/2019/11/vym-canarias-icon-512-whitebg.png" />
	<meta property="og:image:width" content="512" />
	<meta property="og:image:height" content="512" />
	<meta property="og:image:type" content="image/png" />
<meta name="twitter:card" content="summary_large_image" />
<meta name="twitter:label1" content="Szacowany czas czytania" />
	<meta name="twitter:data1" content="1 minuta" />
<script type="application/ld+json" class="yoast-schema-graph">{"@context":"https:\/\/schema.org","@graph":[{"@type":"WebPage","@id":"https:\/\/tenerifecenter.com\/pl\/sale\/apartament-la-camella-arona-vs5644vgm\/","url":"https:\/\/tenerifecenter.com\/pl\/sale\/apartament-la-camella-arona-vs5644vgm\/","name":"Apartament na Sprzedaż w La Camella, Arona, Tenerife - Tenerife, Spagna","isPartOf":{"@id":"https:\/\/tenerifecenter.com\/pl\/#website"},"datePublished":"2026-08-17T15:42:28+00:00","dateModified":"2026-08-24T12:46:02+00:00","description":"Apartament na Sprzedaż: 220000 €, Pwo. całkowita: 82m2, Pow. mieszkalna: 71m2, Sypialnie: 3, Łazienki: 2, Szafa: 3. Cechy: Balkon, Garaż, Taras na dachu, Widok na góry","breadcrumb":{"@id":"https:\/\/tenerifecenter.com\/pl\/sale\/apartament-la-camella-arona-vs5644vgm\/#breadcrumb"},"inLanguage":"pl-PL","potentialAction":[{"@type":"ReadAction","target":["https:\/\/tenerifecenter.com\/pl\/sale\/apartament-la-camella-arona-vs5644vgm\/"]}]},{"@type":"BreadcrumbList","@id":"https:\/\/tenerifecenter.com\/pl\/sale\/apartament-la-camella-arona-vs5644vgm\/#breadcrumb","itemListElement":[{"@type":"ListItem","position":1,"name":"Home","item":"https:\/\/tenerifecenter.com\/pl\/"},{"@type":"ListItem","position":2,"name":"Property for sale","item":"https:\/\/tenerifecenter.com\/pl\/sale\/"},{"@type":"ListItem","position":3,"name":"Apartament La Camella, Arona"}]},{"@type":"WebSite","@id":"https:\/\/tenerifecenter.com\/pl\/#website","url":"https:\/\/tenerifecenter.com\/pl\/","name":"VYM Canarias","description":"Real Estate - Tenerife","potentialAction":[{"@type":"SearchAction","target":{"@type":"EntryPoint","urlTemplate":"https:\/\/tenerifecenter.com\/pl\/?s={search_term_string}"},"query-input":{"@type":"PropertyValueSpecification","valueRequired":true,"valueName":"search_term_string"}}],"inLanguage":"pl-PL"}]}</script>
<!-- / Yoast SEO plugin. -->

Apartament na Sprzedaż w La Camella, Arona, Tenerife - Tenerife, Spagna

Apartament na Sprzedaż: 220000 €, Pwo. całkowita: 82m2, Pow. mieszkalna: 71m2, Sypialnie: 3, Łazienki: 2, Szafa: 3. Cechy: Balkon, Garaż, Taras na dachu, Widok na góry
