{"id":1667322,"date":"2025-09-13T13:26:06","date_gmt":"2025-09-13T13:26:06","guid":{"rendered":"https:\/\/tenerifecenter.com\/sale\/apartament-duplex-magnolia-la-caleta-costa-adeje-adeje\/"},"modified":"2026-08-24T10:52:36","modified_gmt":"2026-08-24T10:52:36","slug":"apartament-duplex-magnolia-la-caleta-costa-adeje-adeje-vs5222vgm-e","status":"publish","type":"property_sale","link":"https:\/\/tenerifecenter.com\/pl\/sale\/apartament-duplex-magnolia-la-caleta-costa-adeje-adeje-vs5222vgm-e\/","title":{"rendered":"Apartament &#8211; Duplex Magnolia, La Caleta &#8211; Costa Adeje, Adeje"},"content":{"rendered":"Elegancki, wyremontowany apartament dwupoziomowy z 2 sypialniami w Magnolia Golf Resort, La Caleta\n\nOdkryj ten pi\u0119knie odnowiony apartament dwupoziomowy z dwiema sypialniami, po\u0142o\u017cony w Magnolia Golf Resort \u2014 jednym z najbardziej eleganckich i cenionych kompleks\u00f3w mieszkalnych w La Caleta, na presti\u017cowym po\u0142udniowym wybrze\u017cu Teneryfy.\n\nJasna i przestronna nieruchomo\u015b\u0107 znajduje si\u0119 na trzecim pi\u0119trze i rozplanowana jest na dw\u00f3ch poziomach. Apartament zosta\u0142 ca\u0142kowicie wyremontowany, wyposa\u017cony w wysokiej jako\u015bci meble oraz nowoczesn\u0105, w pe\u0142ni wyposa\u017con\u0105 oddzieln\u0105 kuchni\u0119. Na dolnym poziomie znajduje si\u0119 przytulny salon z jadalni\u0105 i wyj\u015bciem na du\u017c\u0105, s\u0142oneczn\u0105 taras\u0119. Niedawno zainstalowana pergola zapewnia wi\u0119ksz\u0105 prywatno\u015b\u0107 i tworzy idealne miejsce do wypoczynku na \u015bwie\u017cym powietrzu przez ca\u0142y rok. Na tym poziomie znajduje si\u0119 r\u00f3wnie\u017c toaleta dla go\u015bci oraz przestronna kuchnia z bezpo\u015brednim wyj\u015bciem na urokliwe, prywatne patio.\n\nNa g\u00f3rnym poziomie znajduj\u0105 si\u0119 dwie komfortowe i przestronne sypialnie, dwie \u0142azienki oraz dodatkowy taras dost\u0119pny z jednej z sypialni \u2014 idealne miejsce, aby cieszy\u0107 si\u0119 \u0142agodnym klimatem Teneryfy.\n\nMagnolia Golf Resort s\u0142ynie z doskonale utrzymanych cz\u0119\u015bci wsp\u00f3lnych, zadbanych ogrod\u00f3w, basen\u00f3w i si\u0142owni. Kompleks znajduje si\u0119 w spokojnej i presti\u017cowej lokalizacji, zaledwie kilka minut spacerem od oceanu oraz renomowanej wioski rybackiej La Caleta, znanej z doskona\u0142ych restauracji, widok\u00f3w na ocean i niezapomnianych zachod\u00f3w s\u0142o\u0144ca. Pole golfowe Costa Adeje Golf oraz ekskluzywny kompleks sportowy T3 oddalone s\u0105 o zaledwie dwie minuty jazdy samochodem.\n\nW cen\u0119 nieruchomo\u015bci wliczone s\u0105 miejsce parkingowe i kom\u00f3rka lokatorska. Apartament jest gotowy do zamieszkania i stanowi doskona\u0142y wyb\u00f3r jako dom ca\u0142oroczny, nieruchomo\u015b\u0107 wakacyjna lub atrakcyjna inwestycja pod wynajem.\n\nVYM Canarias, z ponad 16-letnim do\u015bwiadczeniem i pi\u0119cioma biurami na Teneryfie oraz Costa Blanca, zapewnia kompleksow\u0105 obs\u0142ug\u0119 przed i po zakupie, obejmuj\u0105c\u0105 zarz\u0105dzanie nieruchomo\u015bciami, wynajem, doradztwo prawne, ubezpieczenia i systemy bezpiecze\u0144stwa. Zapraszamy do zapoznania si\u0119 z ca\u0142\u0105 ofert\u0105 na www.vymcanarias.com.","protected":false},"author":3,"featured_media":0,"comment_status":"closed","ping_status":"closed","template":"","class_list":["post-1667322","property_sale","type-property_sale","status-publish","hentry","region_vs-adeje","island_vs-tenerife","city_vs-la-caleta-costa-adeje","complex_vs-magnolia","feature_vs-klimatyzator","feature_vs-magazyn","feature_vs-ogrod-publiczny","feature_vs-parking-prywatny","feature_vs-publiczny-basen","feature_vs-taras","type_vs-apartament-duplex"],"acf":[],"yoast_head":"<!-- This site is optimized with the Yoast SEO plugin v28.3 - https:\/\/yoast.com\/product\/yoast-seo-wordpress\/ -->\n<title>Apartament - Duplex na Sprzeda\u017c w La Caleta - Costa Adeje, Adeje, Tenerife - Tenerife, Spagna<\/title>\n<meta name=\"description\" content=\"Apartament - Duplex na Sprzeda\u017c: 715000 \u20ac, Pwo. ca\u0142kowita: 153m2, Pow. mieszkalna: 108m2, Sypialnie: 2, \u0141azienki: 2, Toaleta: 1, Magazyn: 1, Szafa: 2. Cechy: Klimatyzator, Magazyn, Ogr\u00f3d publiczny, Parking prywatny, Publiczny basen, Taras\" \/>\n<meta name=\"robots\" content=\"index, follow, max-snippet:-1, max-image-preview:large, max-video-preview:-1\" \/>\n<link rel=\"canonical\" href=\"https:\/\/tenerifecenter.com\/pl\/sale\/apartament-duplex-magnolia-la-caleta-costa-adeje-adeje-vs5222vgm-e\/\" \/>\n<meta property=\"og:locale\" content=\"pl_PL\" \/>\n<meta property=\"og:type\" content=\"article\" \/>\n<meta property=\"og:title\" content=\"Apartament - Duplex na Sprzeda\u017c w La Caleta - Costa Adeje, Adeje, Tenerife - Tenerife, Spagna\" \/>\n<meta property=\"og:description\" content=\"Apartament - Duplex na Sprzeda\u017c: 715000 \u20ac, Pwo. ca\u0142kowita: 153m2, Pow. mieszkalna: 108m2, Sypialnie: 2, \u0141azienki: 2, Toaleta: 1, Magazyn: 1, Szafa: 2. Cechy: Klimatyzator, Magazyn, Ogr\u00f3d publiczny, Parking prywatny, Publiczny basen, Taras\" \/>\n<meta property=\"og:url\" content=\"https:\/\/tenerifecenter.com\/pl\/sale\/apartament-duplex-magnolia-la-caleta-costa-adeje-adeje-vs5222vgm-e\/\" \/>\n<meta property=\"og:site_name\" content=\"VYM Canarias\" \/>\n<meta property=\"article:publisher\" content=\"https:\/\/www.facebook.com\/vym.canarias\" \/>\n<meta property=\"article:modified_time\" content=\"2026-08-24T10:52:36+00:00\" \/>\n<meta property=\"og:image\" content=\"https:\/\/tenerifecenter.com\/wp-content\/uploads\/2019\/11\/vym-canarias-icon-512-whitebg.png\" \/>\n\t<meta property=\"og:image:width\" content=\"512\" \/>\n\t<meta property=\"og:image:height\" content=\"512\" \/>\n\t<meta property=\"og:image:type\" content=\"image\/png\" \/>\n<meta name=\"twitter:card\" content=\"summary_large_image\" \/>\n<meta name=\"twitter:label1\" content=\"Szacowany czas czytania\" \/>\n\t<meta name=\"twitter:data1\" content=\"2 minuty\" \/>\n<script type=\"application\/ld+json\" class=\"yoast-schema-graph\">{\"@context\":\"https:\\\/\\\/schema.org\",\"@graph\":[{\"@type\":\"WebPage\",\"@id\":\"https:\\\/\\\/tenerifecenter.com\\\/pl\\\/sale\\\/apartament-duplex-magnolia-la-caleta-costa-adeje-adeje-vs5222vgm-e\\\/\",\"url\":\"https:\\\/\\\/tenerifecenter.com\\\/pl\\\/sale\\\/apartament-duplex-magnolia-la-caleta-costa-adeje-adeje-vs5222vgm-e\\\/\",\"name\":\"Apartament - Duplex na Sprzeda\u017c w La Caleta - Costa Adeje, Adeje, Tenerife - Tenerife, Spagna\",\"isPartOf\":{\"@id\":\"https:\\\/\\\/tenerifecenter.com\\\/pl\\\/#website\"},\"datePublished\":\"2025-09-13T13:26:06+00:00\",\"dateModified\":\"2026-08-24T10:52:36+00:00\",\"description\":\"Apartament - Duplex na Sprzeda\u017c: 715000 \u20ac, Pwo. ca\u0142kowita: 153m2, Pow. mieszkalna: 108m2, Sypialnie: 2, \u0141azienki: 2, Toaleta: 1, Magazyn: 1, Szafa: 2. Cechy: Klimatyzator, Magazyn, Ogr\u00f3d publiczny, Parking prywatny, Publiczny basen, Taras\",\"breadcrumb\":{\"@id\":\"https:\\\/\\\/tenerifecenter.com\\\/pl\\\/sale\\\/apartament-duplex-magnolia-la-caleta-costa-adeje-adeje-vs5222vgm-e\\\/#breadcrumb\"},\"inLanguage\":\"pl-PL\",\"potentialAction\":[{\"@type\":\"ReadAction\",\"target\":[\"https:\\\/\\\/tenerifecenter.com\\\/pl\\\/sale\\\/apartament-duplex-magnolia-la-caleta-costa-adeje-adeje-vs5222vgm-e\\\/\"]}]},{\"@type\":\"BreadcrumbList\",\"@id\":\"https:\\\/\\\/tenerifecenter.com\\\/pl\\\/sale\\\/apartament-duplex-magnolia-la-caleta-costa-adeje-adeje-vs5222vgm-e\\\/#breadcrumb\",\"itemListElement\":[{\"@type\":\"ListItem\",\"position\":1,\"name\":\"Home\",\"item\":\"https:\\\/\\\/tenerifecenter.com\\\/pl\\\/\"},{\"@type\":\"ListItem\",\"position\":2,\"name\":\"Property for sale\",\"item\":\"https:\\\/\\\/tenerifecenter.com\\\/pl\\\/sale\\\/\"},{\"@type\":\"ListItem\",\"position\":3,\"name\":\"Apartament &#8211; Duplex Magnolia, La Caleta &#8211; Costa Adeje, Adeje\"}]},{\"@type\":\"WebSite\",\"@id\":\"https:\\\/\\\/tenerifecenter.com\\\/pl\\\/#website\",\"url\":\"https:\\\/\\\/tenerifecenter.com\\\/pl\\\/\",\"name\":\"VYM Canarias\",\"description\":\"Real Estate - Tenerife\",\"potentialAction\":[{\"@type\":\"SearchAction\",\"target\":{\"@type\":\"EntryPoint\",\"urlTemplate\":\"https:\\\/\\\/tenerifecenter.com\\\/pl\\\/?s={search_term_string}\"},\"query-input\":{\"@type\":\"PropertyValueSpecification\",\"valueRequired\":true,\"valueName\":\"search_term_string\"}}],\"inLanguage\":\"pl-PL\"}]}<\/script>\n<!-- \/ Yoast SEO plugin. -->","yoast_head_json":{"title":"Apartament - Duplex na Sprzeda\u017c w La Caleta - Costa Adeje, Adeje, Tenerife - Tenerife, Spagna","description":"Apartament - Duplex na Sprzeda\u017c: 715000 \u20ac, Pwo. ca\u0142kowita: 153m2, Pow. mieszkalna: 108m2, Sypialnie: 2, \u0141azienki: 2, Toaleta: 1, Magazyn: 1, Szafa: 2. Cechy: Klimatyzator, Magazyn, Ogr\u00f3d publiczny, Parking prywatny, Publiczny basen, Taras","robots":{"index":"index","follow":"follow","max-snippet":"max-snippet:-1","max-image-preview":"max-image-preview:large","max-video-preview":"max-video-preview:-1"},"canonical":"https:\/\/tenerifecenter.com\/pl\/sale\/apartament-duplex-magnolia-la-caleta-costa-adeje-adeje-vs5222vgm-e\/","og_locale":"pl_PL","og_type":"article","og_title":"Apartament - Duplex na Sprzeda\u017c w La Caleta - Costa Adeje, Adeje, Tenerife - Tenerife, Spagna","og_description":"Apartament - Duplex na Sprzeda\u017c: 715000 \u20ac, Pwo. ca\u0142kowita: 153m2, Pow. mieszkalna: 108m2, Sypialnie: 2, \u0141azienki: 2, Toaleta: 1, Magazyn: 1, Szafa: 2. Cechy: Klimatyzator, Magazyn, Ogr\u00f3d publiczny, Parking prywatny, Publiczny basen, Taras","og_url":"https:\/\/tenerifecenter.com\/pl\/sale\/apartament-duplex-magnolia-la-caleta-costa-adeje-adeje-vs5222vgm-e\/","og_site_name":"VYM Canarias","article_publisher":"https:\/\/www.facebook.com\/vym.canarias","article_modified_time":"2026-08-24T10:52:36+00:00","og_image":[{"width":512,"height":512,"url":"https:\/\/tenerifecenter.com\/wp-content\/uploads\/2019\/11\/vym-canarias-icon-512-whitebg.png","type":"image\/png"}],"twitter_card":"summary_large_image","twitter_misc":{"Szacowany czas czytania":"2 minuty"},"schema":{"@context":"https:\/\/schema.org","@graph":[{"@type":"WebPage","@id":"https:\/\/tenerifecenter.com\/pl\/sale\/apartament-duplex-magnolia-la-caleta-costa-adeje-adeje-vs5222vgm-e\/","url":"https:\/\/tenerifecenter.com\/pl\/sale\/apartament-duplex-magnolia-la-caleta-costa-adeje-adeje-vs5222vgm-e\/","name":"Apartament - Duplex na Sprzeda\u017c w La Caleta - Costa Adeje, Adeje, Tenerife - Tenerife, Spagna","isPartOf":{"@id":"https:\/\/tenerifecenter.com\/pl\/#website"},"datePublished":"2025-09-13T13:26:06+00:00","dateModified":"2026-08-24T10:52:36+00:00","description":"Apartament - Duplex na Sprzeda\u017c: 715000 \u20ac, Pwo. ca\u0142kowita: 153m2, Pow. mieszkalna: 108m2, Sypialnie: 2, \u0141azienki: 2, Toaleta: 1, Magazyn: 1, Szafa: 2. Cechy: Klimatyzator, Magazyn, Ogr\u00f3d publiczny, Parking prywatny, Publiczny basen, Taras","breadcrumb":{"@id":"https:\/\/tenerifecenter.com\/pl\/sale\/apartament-duplex-magnolia-la-caleta-costa-adeje-adeje-vs5222vgm-e\/#breadcrumb"},"inLanguage":"pl-PL","potentialAction":[{"@type":"ReadAction","target":["https:\/\/tenerifecenter.com\/pl\/sale\/apartament-duplex-magnolia-la-caleta-costa-adeje-adeje-vs5222vgm-e\/"]}]},{"@type":"BreadcrumbList","@id":"https:\/\/tenerifecenter.com\/pl\/sale\/apartament-duplex-magnolia-la-caleta-costa-adeje-adeje-vs5222vgm-e\/#breadcrumb","itemListElement":[{"@type":"ListItem","position":1,"name":"Home","item":"https:\/\/tenerifecenter.com\/pl\/"},{"@type":"ListItem","position":2,"name":"Property for sale","item":"https:\/\/tenerifecenter.com\/pl\/sale\/"},{"@type":"ListItem","position":3,"name":"Apartament &#8211; Duplex Magnolia, La Caleta &#8211; Costa Adeje, Adeje"}]},{"@type":"WebSite","@id":"https:\/\/tenerifecenter.com\/pl\/#website","url":"https:\/\/tenerifecenter.com\/pl\/","name":"VYM Canarias","description":"Real Estate - Tenerife","potentialAction":[{"@type":"SearchAction","target":{"@type":"EntryPoint","urlTemplate":"https:\/\/tenerifecenter.com\/pl\/?s={search_term_string}"},"query-input":{"@type":"PropertyValueSpecification","valueRequired":true,"valueName":"search_term_string"}}],"inLanguage":"pl-PL"}]}},"_links":{"self":[{"href":"https:\/\/tenerifecenter.com\/pl\/wp-json\/wp\/v2\/property_sale\/1667322","targetHints":{"allow":["GET"]}}],"collection":[{"href":"https:\/\/tenerifecenter.com\/pl\/wp-json\/wp\/v2\/property_sale"}],"about":[{"href":"https:\/\/tenerifecenter.com\/pl\/wp-json\/wp\/v2\/types\/property_sale"}],"author":[{"embeddable":true,"href":"https:\/\/tenerifecenter.com\/pl\/wp-json\/wp\/v2\/users\/3"}],"replies":[{"embeddable":true,"href":"https:\/\/tenerifecenter.com\/pl\/wp-json\/wp\/v2\/comments?post=1667322"}],"wp:attachment":[{"href":"https:\/\/tenerifecenter.com\/pl\/wp-json\/wp\/v2\/media?parent=1667322"}],"curies":[{"name":"wp","href":"https:\/\/api.w.org\/{rel}","templated":true}]}}

Elegancki, wyremontowany apartament dwupoziomowy z 2 sypialniami w Magnolia Golf Resort, La Caleta

Odkryj ten pięknie odnowiony apartament dwupoziomowy z dwiema sypialniami, położony w Magnolia Golf Resort — jednym z najbardziej eleganckich i cenionych kompleksów mieszkalnych w La Caleta, na prestiżowym południowym wybrzeżu Teneryfy.

Jasna i przestronna nieruchomość znajduje się na trzecim piętrze i rozplanowana jest na dwóch poziomach. Apartament został całkowicie wyremontowany, wyposażony w wysokiej jakości meble oraz nowoczesną, w pełni wyposażoną oddzielną kuchnię. Na dolnym poziomie znajduje się przytulny salon z jadalnią i wyjściem na dużą, słoneczną tarasę. Niedawno zainstalowana pergola zapewnia większą prywatność i tworzy idealne miejsce do wypoczynku na świeżym powietrzu przez cały rok. Na tym poziomie znajduje się również toaleta dla gości oraz przestronna kuchnia z bezpośrednim wyjściem na urokliwe, prywatne patio.

Na górnym poziomie znajdują się dwie komfortowe i przestronne sypialnie, dwie łazienki oraz dodatkowy taras dostępny z jednej z sypialni — idealne miejsce, aby cieszyć się łagodnym klimatem Teneryfy.

Magnolia Golf Resort słynie z doskonale utrzymanych części wspólnych, zadbanych ogrodów, basenów i siłowni. Kompleks znajduje się w spokojnej i prestiżowej lokalizacji, zaledwie kilka minut spacerem od oceanu oraz renomowanej wioski rybackiej La Caleta, znanej z doskonałych restauracji, widoków na ocean i niezapomnianych zachodów słońca. Pole golfowe Costa Adeje Golf oraz ekskluzywny kompleks sportowy T3 oddalone są o zaledwie dwie minuty jazdy samochodem.

W cenę nieruchomości wliczone są miejsce parkingowe i komórka lokatorska. Apartament jest gotowy do zamieszkania i stanowi doskonały wybór jako dom całoroczny, nieruchomość wakacyjna lub atrakcyjna inwestycja pod wynajem.

VYM Canarias, z ponad 16-letnim doświadczeniem i pięcioma biurami na Teneryfie oraz Costa Blanca, zapewnia kompleksową obsługę przed i po zakupie, obejmującą zarządzanie nieruchomościami, wynajem, doradztwo prawne, ubezpieczenia i systemy bezpieczeństwa. Zapraszamy do zapoznania się z całą ofertą na www.vymcanarias.com.

<!-- This site is optimized with the Yoast SEO plugin v28.3 - https://yoast.com/product/yoast-seo-wordpress/ -->
<title>Apartament - Duplex na Sprzedaż w La Caleta - Costa Adeje, Adeje, Tenerife - Tenerife, Spagna</title>
<meta name="description" content="Apartament - Duplex na Sprzedaż: 715000 €, Pwo. całkowita: 153m2, Pow. mieszkalna: 108m2, Sypialnie: 2, Łazienki: 2, Toaleta: 1, Magazyn: 1, Szafa: 2. Cechy: Klimatyzator, Magazyn, Ogród publiczny, Parking prywatny, Publiczny basen, Taras" />
<meta name="robots" content="index, follow, max-snippet:-1, max-image-preview:large, max-video-preview:-1" />
<link rel="canonical" href="https://tenerifecenter.com/pl/sale/apartament-duplex-magnolia-la-caleta-costa-adeje-adeje-vs5222vgm-e/" />
<meta property="og:locale" content="pl_PL" />
<meta property="og:type" content="article" />
<meta property="og:title" content="Apartament - Duplex na Sprzedaż w La Caleta - Costa Adeje, Adeje, Tenerife - Tenerife, Spagna" />
<meta property="og:description" content="Apartament - Duplex na Sprzedaż: 715000 €, Pwo. całkowita: 153m2, Pow. mieszkalna: 108m2, Sypialnie: 2, Łazienki: 2, Toaleta: 1, Magazyn: 1, Szafa: 2. Cechy: Klimatyzator, Magazyn, Ogród publiczny, Parking prywatny, Publiczny basen, Taras" />
<meta property="og:url" content="https://tenerifecenter.com/pl/sale/apartament-duplex-magnolia-la-caleta-costa-adeje-adeje-vs5222vgm-e/" />
<meta property="og:site_name" content="VYM Canarias" />
<meta property="article:publisher" content="https://www.facebook.com/vym.canarias" />
<meta property="article:modified_time" content="2026-08-24T10:52:36+00:00" />
<meta property="og:image" content="https://tenerifecenter.com/wp-content/uploads/2019/11/vym-canarias-icon-512-whitebg.png" />
	<meta property="og:image:width" content="512" />
	<meta property="og:image:height" content="512" />
	<meta property="og:image:type" content="image/png" />
<meta name="twitter:card" content="summary_large_image" />
<meta name="twitter:label1" content="Szacowany czas czytania" />
	<meta name="twitter:data1" content="2 minuty" />
<script type="application/ld+json" class="yoast-schema-graph">{"@context":"https:\/\/schema.org","@graph":[{"@type":"WebPage","@id":"https:\/\/tenerifecenter.com\/pl\/sale\/apartament-duplex-magnolia-la-caleta-costa-adeje-adeje-vs5222vgm-e\/","url":"https:\/\/tenerifecenter.com\/pl\/sale\/apartament-duplex-magnolia-la-caleta-costa-adeje-adeje-vs5222vgm-e\/","name":"Apartament - Duplex na Sprzedaż w La Caleta - Costa Adeje, Adeje, Tenerife - Tenerife, Spagna","isPartOf":{"@id":"https:\/\/tenerifecenter.com\/pl\/#website"},"datePublished":"2025-09-13T13:26:06+00:00","dateModified":"2026-08-24T10:52:36+00:00","description":"Apartament - Duplex na Sprzedaż: 715000 €, Pwo. całkowita: 153m2, Pow. mieszkalna: 108m2, Sypialnie: 2, Łazienki: 2, Toaleta: 1, Magazyn: 1, Szafa: 2. Cechy: Klimatyzator, Magazyn, Ogród publiczny, Parking prywatny, Publiczny basen, Taras","breadcrumb":{"@id":"https:\/\/tenerifecenter.com\/pl\/sale\/apartament-duplex-magnolia-la-caleta-costa-adeje-adeje-vs5222vgm-e\/#breadcrumb"},"inLanguage":"pl-PL","potentialAction":[{"@type":"ReadAction","target":["https:\/\/tenerifecenter.com\/pl\/sale\/apartament-duplex-magnolia-la-caleta-costa-adeje-adeje-vs5222vgm-e\/"]}]},{"@type":"BreadcrumbList","@id":"https:\/\/tenerifecenter.com\/pl\/sale\/apartament-duplex-magnolia-la-caleta-costa-adeje-adeje-vs5222vgm-e\/#breadcrumb","itemListElement":[{"@type":"ListItem","position":1,"name":"Home","item":"https:\/\/tenerifecenter.com\/pl\/"},{"@type":"ListItem","position":2,"name":"Property for sale","item":"https:\/\/tenerifecenter.com\/pl\/sale\/"},{"@type":"ListItem","position":3,"name":"Apartament &#8211; Duplex Magnolia, La Caleta &#8211; Costa Adeje, Adeje"}]},{"@type":"WebSite","@id":"https:\/\/tenerifecenter.com\/pl\/#website","url":"https:\/\/tenerifecenter.com\/pl\/","name":"VYM Canarias","description":"Real Estate - Tenerife","potentialAction":[{"@type":"SearchAction","target":{"@type":"EntryPoint","urlTemplate":"https:\/\/tenerifecenter.com\/pl\/?s={search_term_string}"},"query-input":{"@type":"PropertyValueSpecification","valueRequired":true,"valueName":"search_term_string"}}],"inLanguage":"pl-PL"}]}</script>
<!-- / Yoast SEO plugin. -->

Apartament - Duplex na Sprzedaż w La Caleta - Costa Adeje, Adeje, Tenerife - Tenerife, Spagna

Apartament - Duplex na Sprzedaż: 715000 €, Pwo. całkowita: 153m2, Pow. mieszkalna: 108m2, Sypialnie: 2, Łazienki: 2, Toaleta: 1, Magazyn: 1, Szafa: 2. Cechy: Klimatyzator, Magazyn, Ogród publiczny, Parking prywatny, Publiczny basen, Taras
