{"id":3013485,"date":"2026-08-17T15:42:27","date_gmt":"2026-08-17T15:42:27","guid":{"rendered":"https:\/\/tenerifecenter.com\/sale\/apartamento-la-camella-arona\/"},"modified":"2026-08-24T12:46:02","modified_gmt":"2026-08-24T12:46:02","slug":"apartamento-la-camella-arona-vs5644vgm","status":"publish","type":"property_sale","link":"https:\/\/tenerifecenter.com\/es\/sale\/apartamento-la-camella-arona-vs5644vgm\/","title":{"rendered":"Apartamento La Camella, Arona"},"content":{"rendered":"Encantador apartamento de 3 dormitorios con garaje en La Camella, Arona\n\nNos complace presentar este agradable apartamento de tres dormitorios, situado en La Camella, una de las zonas residenciales m\u00e1s consolidadas y apreciadas del municipio de Arona, al sur de Tenerife.\n\nLa propiedad disfruta de una ubicaci\u00f3n especialmente pr\u00e1ctica, con colegios, supermercados, tiendas, bancos, restaurantes y transporte p\u00fablico muy cerca. La Camella ofrece la tranquilidad y el car\u00e1cter aut\u00e9ntico de un pueblo canario, sin renunciar a una excelente conexi\u00f3n con Los Cristianos, Adeje y las principales playas del sur, a solo unos minutos en coche.\n\nLa vivienda ha sido concebida para disfrutar de una vida c\u00f3moda y funcional. Dispone de tres dormitorios, dos ba\u00f1os, una cocina abierta y un acogedor sal\u00f3n con acceso a una peque\u00f1a terraza, un espacio ideal para relajarse al final del d\u00eda o disfrutar de un tranquilo desayuno al aire libre.\n\nComo valor a\u00f1adido, el edificio cuenta con una azotea equipada con zona de barbacoa, perfecta para compartir agradables momentos al aire libre. La propiedad tambi\u00e9n incluye un peque\u00f1o trastero y una plaza de garaje privada en el precio.\n\nUna excelente oportunidad para quienes buscan un hogar familiar en una ubicaci\u00f3n tranquila, bien comunicada y con todos los servicios al alcance, as\u00ed como una interesante inversi\u00f3n en el sur de la isla.\n\nVYM Canarias, con m\u00e1s de 16 a\u00f1os de experiencia y cinco oficinas en Tenerife y la Costa Blanca, le acompa\u00f1a antes y despu\u00e9s de la compra con un servicio integral que incluye gesti\u00f3n inmobiliaria, alquileres, asesoramiento jur\u00eddico, seguros y sistemas de seguridad. Descubra toda nuestra cartera de inmuebles en www.vymcanarias.com.","protected":false},"author":3,"featured_media":0,"comment_status":"closed","ping_status":"closed","template":"","class_list":["post-3013485","property_sale","type-property_sale","status-publish","hentry","region_vs-arona","island_vs-tenerife","city_vs-la-camella","feature_vs-azotea","feature_vs-balcon","feature_vs-garaje","feature_vs-vista-desde-la-montana","type_vs-apartamento"],"acf":[],"yoast_head":"<!-- This site is optimized with the Yoast SEO plugin v28.4 - https:\/\/yoast.com\/product\/yoast-seo-wordpress\/ -->\n<title>Apartamento en Venta en La Camella, Arona, Tenerife - Tenerife, Espa\u00f1a<\/title>\n<meta name=\"description\" content=\"Apartamento en Venta: 220000 \u20ac, Superficie total: 82m2, Superficie habitable: 71m2, Dormitorios: 3, Ba\u00f1os: 2, Armario: 3. Caracteristicas: Azotea, Balc\u00f3n, Garaje, Vista desde la monta\u00f1a\" \/>\n<meta name=\"robots\" content=\"index, follow, max-snippet:-1, max-image-preview:large, max-video-preview:-1\" \/>\n<link rel=\"canonical\" href=\"https:\/\/tenerifecenter.com\/es\/sale\/apartamento-la-camella-arona-vs5644vgm\/\" \/>\n<meta property=\"og:locale\" content=\"es_ES\" \/>\n<meta property=\"og:type\" content=\"article\" \/>\n<meta property=\"og:title\" content=\"Apartamento en Venta en La Camella, Arona, Tenerife - Tenerife, Espa\u00f1a\" \/>\n<meta property=\"og:description\" content=\"Apartamento en Venta: 220000 \u20ac, Superficie total: 82m2, Superficie habitable: 71m2, Dormitorios: 3, Ba\u00f1os: 2, Armario: 3. Caracteristicas: Azotea, Balc\u00f3n, Garaje, Vista desde la monta\u00f1a\" \/>\n<meta property=\"og:url\" content=\"https:\/\/tenerifecenter.com\/es\/sale\/apartamento-la-camella-arona-vs5644vgm\/\" \/>\n<meta property=\"og:site_name\" content=\"VYM Canarias\" \/>\n<meta property=\"article:publisher\" content=\"https:\/\/www.facebook.com\/vym.canarias\" \/>\n<meta property=\"article:modified_time\" content=\"2026-08-24T12:46:02+00:00\" \/>\n<meta property=\"og:image\" content=\"https:\/\/tenerifecenter.com\/wp-content\/uploads\/2019\/11\/vym-canarias-icon-512-whitebg.png\" \/>\n\t<meta property=\"og:image:width\" content=\"512\" \/>\n\t<meta property=\"og:image:height\" content=\"512\" \/>\n\t<meta property=\"og:image:type\" content=\"image\/png\" \/>\n<meta name=\"twitter:card\" content=\"summary_large_image\" \/>\n<meta name=\"twitter:label1\" content=\"Tiempo de lectura\" \/>\n\t<meta name=\"twitter:data1\" content=\"1 minuto\" \/>\n<script type=\"application\/ld+json\" class=\"yoast-schema-graph\">{\"@context\":\"https:\\\/\\\/schema.org\",\"@graph\":[{\"@type\":\"WebPage\",\"@id\":\"https:\\\/\\\/tenerifecenter.com\\\/es\\\/sale\\\/apartamento-la-camella-arona-vs5644vgm\\\/\",\"url\":\"https:\\\/\\\/tenerifecenter.com\\\/es\\\/sale\\\/apartamento-la-camella-arona-vs5644vgm\\\/\",\"name\":\"Apartamento en Venta en La Camella, Arona, Tenerife - Tenerife, Espa\u00f1a\",\"isPartOf\":{\"@id\":\"https:\\\/\\\/tenerifecenter.com\\\/es\\\/#website\"},\"datePublished\":\"2026-08-17T15:42:27+00:00\",\"dateModified\":\"2026-08-24T12:46:02+00:00\",\"description\":\"Apartamento en Venta: 220000 \u20ac, Superficie total: 82m2, Superficie habitable: 71m2, Dormitorios: 3, Ba\u00f1os: 2, Armario: 3. Caracteristicas: Azotea, Balc\u00f3n, Garaje, Vista desde la monta\u00f1a\",\"breadcrumb\":{\"@id\":\"https:\\\/\\\/tenerifecenter.com\\\/es\\\/sale\\\/apartamento-la-camella-arona-vs5644vgm\\\/#breadcrumb\"},\"inLanguage\":\"es\",\"potentialAction\":[{\"@type\":\"ReadAction\",\"target\":[\"https:\\\/\\\/tenerifecenter.com\\\/es\\\/sale\\\/apartamento-la-camella-arona-vs5644vgm\\\/\"]}]},{\"@type\":\"BreadcrumbList\",\"@id\":\"https:\\\/\\\/tenerifecenter.com\\\/es\\\/sale\\\/apartamento-la-camella-arona-vs5644vgm\\\/#breadcrumb\",\"itemListElement\":[{\"@type\":\"ListItem\",\"position\":1,\"name\":\"Home\",\"item\":\"https:\\\/\\\/tenerifecenter.com\\\/es\\\/\"},{\"@type\":\"ListItem\",\"position\":2,\"name\":\"Property for sale\",\"item\":\"https:\\\/\\\/tenerifecenter.com\\\/es\\\/sale\\\/\"},{\"@type\":\"ListItem\",\"position\":3,\"name\":\"Apartamento La Camella, Arona\"}]},{\"@type\":\"WebSite\",\"@id\":\"https:\\\/\\\/tenerifecenter.com\\\/es\\\/#website\",\"url\":\"https:\\\/\\\/tenerifecenter.com\\\/es\\\/\",\"name\":\"VYM Canarias\",\"description\":\"Real Estate - Tenerife\",\"potentialAction\":[{\"@type\":\"SearchAction\",\"target\":{\"@type\":\"EntryPoint\",\"urlTemplate\":\"https:\\\/\\\/tenerifecenter.com\\\/es\\\/?s={search_term_string}\"},\"query-input\":{\"@type\":\"PropertyValueSpecification\",\"valueRequired\":true,\"valueName\":\"search_term_string\"}}],\"inLanguage\":\"es\"}]}<\/script>\n<!-- \/ Yoast SEO plugin. -->","yoast_head_json":{"title":"Apartamento en Venta en La Camella, Arona, Tenerife - Tenerife, Espa\u00f1a","description":"Apartamento en Venta: 220000 \u20ac, Superficie total: 82m2, Superficie habitable: 71m2, Dormitorios: 3, Ba\u00f1os: 2, Armario: 3. Caracteristicas: Azotea, Balc\u00f3n, Garaje, Vista desde la monta\u00f1a","robots":{"index":"index","follow":"follow","max-snippet":"max-snippet:-1","max-image-preview":"max-image-preview:large","max-video-preview":"max-video-preview:-1"},"canonical":"https:\/\/tenerifecenter.com\/es\/sale\/apartamento-la-camella-arona-vs5644vgm\/","og_locale":"es_ES","og_type":"article","og_title":"Apartamento en Venta en La Camella, Arona, Tenerife - Tenerife, Espa\u00f1a","og_description":"Apartamento en Venta: 220000 \u20ac, Superficie total: 82m2, Superficie habitable: 71m2, Dormitorios: 3, Ba\u00f1os: 2, Armario: 3. Caracteristicas: Azotea, Balc\u00f3n, Garaje, Vista desde la monta\u00f1a","og_url":"https:\/\/tenerifecenter.com\/es\/sale\/apartamento-la-camella-arona-vs5644vgm\/","og_site_name":"VYM Canarias","article_publisher":"https:\/\/www.facebook.com\/vym.canarias","article_modified_time":"2026-08-24T12:46:02+00:00","og_image":[{"width":512,"height":512,"url":"https:\/\/tenerifecenter.com\/wp-content\/uploads\/2019\/11\/vym-canarias-icon-512-whitebg.png","type":"image\/png"}],"twitter_card":"summary_large_image","twitter_misc":{"Tiempo de lectura":"1 minuto"},"schema":{"@context":"https:\/\/schema.org","@graph":[{"@type":"WebPage","@id":"https:\/\/tenerifecenter.com\/es\/sale\/apartamento-la-camella-arona-vs5644vgm\/","url":"https:\/\/tenerifecenter.com\/es\/sale\/apartamento-la-camella-arona-vs5644vgm\/","name":"Apartamento en Venta en La Camella, Arona, Tenerife - Tenerife, Espa\u00f1a","isPartOf":{"@id":"https:\/\/tenerifecenter.com\/es\/#website"},"datePublished":"2026-08-17T15:42:27+00:00","dateModified":"2026-08-24T12:46:02+00:00","description":"Apartamento en Venta: 220000 \u20ac, Superficie total: 82m2, Superficie habitable: 71m2, Dormitorios: 3, Ba\u00f1os: 2, Armario: 3. Caracteristicas: Azotea, Balc\u00f3n, Garaje, Vista desde la monta\u00f1a","breadcrumb":{"@id":"https:\/\/tenerifecenter.com\/es\/sale\/apartamento-la-camella-arona-vs5644vgm\/#breadcrumb"},"inLanguage":"es","potentialAction":[{"@type":"ReadAction","target":["https:\/\/tenerifecenter.com\/es\/sale\/apartamento-la-camella-arona-vs5644vgm\/"]}]},{"@type":"BreadcrumbList","@id":"https:\/\/tenerifecenter.com\/es\/sale\/apartamento-la-camella-arona-vs5644vgm\/#breadcrumb","itemListElement":[{"@type":"ListItem","position":1,"name":"Home","item":"https:\/\/tenerifecenter.com\/es\/"},{"@type":"ListItem","position":2,"name":"Property for sale","item":"https:\/\/tenerifecenter.com\/es\/sale\/"},{"@type":"ListItem","position":3,"name":"Apartamento La Camella, Arona"}]},{"@type":"WebSite","@id":"https:\/\/tenerifecenter.com\/es\/#website","url":"https:\/\/tenerifecenter.com\/es\/","name":"VYM Canarias","description":"Real Estate - Tenerife","potentialAction":[{"@type":"SearchAction","target":{"@type":"EntryPoint","urlTemplate":"https:\/\/tenerifecenter.com\/es\/?s={search_term_string}"},"query-input":{"@type":"PropertyValueSpecification","valueRequired":true,"valueName":"search_term_string"}}],"inLanguage":"es"}]}},"_links":{"self":[{"href":"https:\/\/tenerifecenter.com\/es\/wp-json\/wp\/v2\/property_sale\/3013485","targetHints":{"allow":["GET"]}}],"collection":[{"href":"https:\/\/tenerifecenter.com\/es\/wp-json\/wp\/v2\/property_sale"}],"about":[{"href":"https:\/\/tenerifecenter.com\/es\/wp-json\/wp\/v2\/types\/property_sale"}],"author":[{"embeddable":true,"href":"https:\/\/tenerifecenter.com\/es\/wp-json\/wp\/v2\/users\/3"}],"replies":[{"embeddable":true,"href":"https:\/\/tenerifecenter.com\/es\/wp-json\/wp\/v2\/comments?post=3013485"}],"wp:attachment":[{"href":"https:\/\/tenerifecenter.com\/es\/wp-json\/wp\/v2\/media?parent=3013485"}],"curies":[{"name":"wp","href":"https:\/\/api.w.org\/{rel}","templated":true}]}}

Encantador apartamento de 3 dormitorios con garaje en La Camella, Arona

Nos complace presentar este agradable apartamento de tres dormitorios, situado en La Camella, una de las zonas residenciales más consolidadas y apreciadas del municipio de Arona, al sur de Tenerife.

La propiedad disfruta de una ubicación especialmente práctica, con colegios, supermercados, tiendas, bancos, restaurantes y transporte público muy cerca. La Camella ofrece la tranquilidad y el carácter auténtico de un pueblo canario, sin renunciar a una excelente conexión con Los Cristianos, Adeje y las principales playas del sur, a solo unos minutos en coche.

La vivienda ha sido concebida para disfrutar de una vida cómoda y funcional. Dispone de tres dormitorios, dos baños, una cocina abierta y un acogedor salón con acceso a una pequeña terraza, un espacio ideal para relajarse al final del día o disfrutar de un tranquilo desayuno al aire libre.

Como valor añadido, el edificio cuenta con una azotea equipada con zona de barbacoa, perfecta para compartir agradables momentos al aire libre. La propiedad también incluye un pequeño trastero y una plaza de garaje privada en el precio.

Una excelente oportunidad para quienes buscan un hogar familiar en una ubicación tranquila, bien comunicada y con todos los servicios al alcance, así como una interesante inversión en el sur de la isla.

VYM Canarias, con más de 16 años de experiencia y cinco oficinas en Tenerife y la Costa Blanca, le acompaña antes y después de la compra con un servicio integral que incluye gestión inmobiliaria, alquileres, asesoramiento jurídico, seguros y sistemas de seguridad. Descubra toda nuestra cartera de inmuebles en www.vymcanarias.com.

<!-- This site is optimized with the Yoast SEO plugin v28.4 - https://yoast.com/product/yoast-seo-wordpress/ -->
<title>Apartamento en Venta en La Camella, Arona, Tenerife - Tenerife, España</title>
<meta name="description" content="Apartamento en Venta: 220000 €, Superficie total: 82m2, Superficie habitable: 71m2, Dormitorios: 3, Baños: 2, Armario: 3. Caracteristicas: Azotea, Balcón, Garaje, Vista desde la montaña" />
<meta name="robots" content="index, follow, max-snippet:-1, max-image-preview:large, max-video-preview:-1" />
<link rel="canonical" href="https://tenerifecenter.com/es/sale/apartamento-la-camella-arona-vs5644vgm/" />
<meta property="og:locale" content="es_ES" />
<meta property="og:type" content="article" />
<meta property="og:title" content="Apartamento en Venta en La Camella, Arona, Tenerife - Tenerife, España" />
<meta property="og:description" content="Apartamento en Venta: 220000 €, Superficie total: 82m2, Superficie habitable: 71m2, Dormitorios: 3, Baños: 2, Armario: 3. Caracteristicas: Azotea, Balcón, Garaje, Vista desde la montaña" />
<meta property="og:url" content="https://tenerifecenter.com/es/sale/apartamento-la-camella-arona-vs5644vgm/" />
<meta property="og:site_name" content="VYM Canarias" />
<meta property="article:publisher" content="https://www.facebook.com/vym.canarias" />
<meta property="article:modified_time" content="2026-08-24T12:46:02+00:00" />
<meta property="og:image" content="https://tenerifecenter.com/wp-content/uploads/2019/11/vym-canarias-icon-512-whitebg.png" />
	<meta property="og:image:width" content="512" />
	<meta property="og:image:height" content="512" />
	<meta property="og:image:type" content="image/png" />
<meta name="twitter:card" content="summary_large_image" />
<meta name="twitter:label1" content="Tiempo de lectura" />
	<meta name="twitter:data1" content="1 minuto" />
<script type="application/ld+json" class="yoast-schema-graph">{"@context":"https:\/\/schema.org","@graph":[{"@type":"WebPage","@id":"https:\/\/tenerifecenter.com\/es\/sale\/apartamento-la-camella-arona-vs5644vgm\/","url":"https:\/\/tenerifecenter.com\/es\/sale\/apartamento-la-camella-arona-vs5644vgm\/","name":"Apartamento en Venta en La Camella, Arona, Tenerife - Tenerife, España","isPartOf":{"@id":"https:\/\/tenerifecenter.com\/es\/#website"},"datePublished":"2026-08-17T15:42:27+00:00","dateModified":"2026-08-24T12:46:02+00:00","description":"Apartamento en Venta: 220000 €, Superficie total: 82m2, Superficie habitable: 71m2, Dormitorios: 3, Baños: 2, Armario: 3. Caracteristicas: Azotea, Balcón, Garaje, Vista desde la montaña","breadcrumb":{"@id":"https:\/\/tenerifecenter.com\/es\/sale\/apartamento-la-camella-arona-vs5644vgm\/#breadcrumb"},"inLanguage":"es","potentialAction":[{"@type":"ReadAction","target":["https:\/\/tenerifecenter.com\/es\/sale\/apartamento-la-camella-arona-vs5644vgm\/"]}]},{"@type":"BreadcrumbList","@id":"https:\/\/tenerifecenter.com\/es\/sale\/apartamento-la-camella-arona-vs5644vgm\/#breadcrumb","itemListElement":[{"@type":"ListItem","position":1,"name":"Home","item":"https:\/\/tenerifecenter.com\/es\/"},{"@type":"ListItem","position":2,"name":"Property for sale","item":"https:\/\/tenerifecenter.com\/es\/sale\/"},{"@type":"ListItem","position":3,"name":"Apartamento La Camella, Arona"}]},{"@type":"WebSite","@id":"https:\/\/tenerifecenter.com\/es\/#website","url":"https:\/\/tenerifecenter.com\/es\/","name":"VYM Canarias","description":"Real Estate - Tenerife","potentialAction":[{"@type":"SearchAction","target":{"@type":"EntryPoint","urlTemplate":"https:\/\/tenerifecenter.com\/es\/?s={search_term_string}"},"query-input":{"@type":"PropertyValueSpecification","valueRequired":true,"valueName":"search_term_string"}}],"inLanguage":"es"}]}</script>
<!-- / Yoast SEO plugin. -->

Apartamento en Venta en La Camella, Arona, Tenerife - Tenerife, España

Apartamento en Venta: 220000 €, Superficie total: 82m2, Superficie habitable: 71m2, Dormitorios: 3, Baños: 2, Armario: 3. Caracteristicas: Azotea, Balcón, Garaje, Vista desde la montaña
