{"id":927880,"date":"2024-10-04T09:44:20","date_gmt":"2024-10-04T09:44:20","guid":{"rendered":"https:\/\/tenerifecenter.com\/sale\/wohnung-libra-adeje-pueblo-adeje\/"},"modified":"2026-09-03T13:09:01","modified_gmt":"2026-09-03T13:09:01","slug":"wohnung-libra-adeje-pueblo-adeje-vs9002i","status":"publish","type":"property_sale","link":"https:\/\/tenerifecenter.com\/de\/sale\/wohnung-libra-adeje-pueblo-adeje-vs9002i\/","title":{"rendered":"Wohnung Libra, Adeje-Pueblo, Adeje"},"content":{"rendered":"Wir bieten Ihnen diese wundersch\u00f6ne Wohnung im Zentrum von Adeje im S\u00fcden von Teneriffa an.\nStilvoll eingerichtet, diese moderne Wohnung mit zwei Schlafzimmern und zwei B\u00e4dern erm\u00f6glicht es Ihnen, im Zentrum von Adeje zu leben, umgeben von allen notwendigen Dienstleistungen f\u00fcr ein komfortables Alltagsleben, aber nur wenige Minuten vom touristischen Zentrum und den Str\u00e4nden des S\u00fcdens, Costa Adeje entfernt.\nSie werden das ger\u00e4umige Wohnzimmer und die offene K\u00fcche genie\u00dfen und die Helligkeit w\u00e4hrend des ganzen Tages.\nEs hat auch zwei Balkone, einer mit direktem Zugang vom Wohnzimmer und der andere mit direktem Zugang von einem der Schlafzimmer.\nDas Geb\u00e4ude wurde erst k\u00fcrzlich gebaut und hat nur sehr wenige Nachbarn, die sich eine Penthouse-Terrasse teilen, um sie mit Freunden oder der Familie zu genie\u00dfen.\nWenn Sie auf der Suche nach einer Investition sind, ist dies die richtige Wohnung f\u00fcr Sie. Aber wenn Sie eine Wohnung in einer Wohngegend suchen, ist dies auch die richtige Wohnung f\u00fcr Sie! Kontaktieren Sie uns noch heute. Wir begleiten Sie gerne zu einer Besichtigung. \n103 m\u00b2 bebaut, 93 m\u00b2 nutzbar\n2 Schlafzimmer\/2 B\u00e4der\nBalkon\nStellplatz im Preis inbegriffen\nEinbauschr\u00e4nke\nGebaut in 2019\nGeb\u00e4ude 1. Stock au\u00dfen. Mit Aufzug\nKlimatisierung","protected":false},"author":3,"featured_media":0,"comment_status":"closed","ping_status":"closed","template":"","class_list":["post-927880","property_sale","type-property_sale","status-publish","hentry","region_vs-adeje","island_vs-tenerife","city_vs-adeje-pueblo","complex_vs-libra","feature_vs-balkon","feature_vs-klimaanlage","feature_vs-privater-parkplatz","type_vs-wohnung"],"acf":[],"yoast_head":"<!-- This site is optimized with the Yoast SEO plugin v28.4 - https:\/\/yoast.com\/product\/yoast-seo-wordpress\/ -->\n<title>Wohnung zum Verkaufen in Adeje-Pueblo, Adeje, Tenerife - Teneriffa, Spanien<\/title>\n<meta name=\"description\" content=\"Wohnung zum Verkaufen: 340000 \u20ac, Gesamtfl\u00e4che: 103m2, Wohnbereich: 93m2, Schlafzimmer: 2, Badezimmer: 2, Garderobe: 2. Eigenschaften: Balkon, Klimaanlage, Privater Parkplatz\" \/>\n<meta name=\"robots\" content=\"index, follow, max-snippet:-1, max-image-preview:large, max-video-preview:-1\" \/>\n<link rel=\"canonical\" href=\"https:\/\/tenerifecenter.com\/de\/sale\/wohnung-libra-adeje-pueblo-adeje-vs9002i\/\" \/>\n<meta property=\"og:locale\" content=\"de_DE\" \/>\n<meta property=\"og:type\" content=\"article\" \/>\n<meta property=\"og:title\" content=\"Wohnung zum Verkaufen in Adeje-Pueblo, Adeje, Tenerife - Teneriffa, Spanien\" \/>\n<meta property=\"og:description\" content=\"Wohnung zum Verkaufen: 340000 \u20ac, Gesamtfl\u00e4che: 103m2, Wohnbereich: 93m2, Schlafzimmer: 2, Badezimmer: 2, Garderobe: 2. Eigenschaften: Balkon, Klimaanlage, Privater Parkplatz\" \/>\n<meta property=\"og:url\" content=\"https:\/\/tenerifecenter.com\/de\/sale\/wohnung-libra-adeje-pueblo-adeje-vs9002i\/\" \/>\n<meta property=\"og:site_name\" content=\"VYM Canarias\" \/>\n<meta property=\"article:publisher\" content=\"https:\/\/www.facebook.com\/vym.canarias\" \/>\n<meta property=\"article:modified_time\" content=\"2026-09-03T13:09:01+00:00\" \/>\n<meta property=\"og:image\" content=\"https:\/\/tenerifecenter.com\/wp-content\/uploads\/2019\/11\/vym-canarias-icon-512-whitebg.png\" \/>\n\t<meta property=\"og:image:width\" content=\"512\" \/>\n\t<meta property=\"og:image:height\" content=\"512\" \/>\n\t<meta property=\"og:image:type\" content=\"image\/png\" \/>\n<meta name=\"twitter:card\" content=\"summary_large_image\" \/>\n<meta name=\"twitter:label1\" content=\"Gesch\u00e4tzte Lesezeit\" \/>\n\t<meta name=\"twitter:data1\" content=\"1\u00a0Minute\" \/>\n<script type=\"application\/ld+json\" class=\"yoast-schema-graph\">{\"@context\":\"https:\\\/\\\/schema.org\",\"@graph\":[{\"@type\":\"WebPage\",\"@id\":\"https:\\\/\\\/tenerifecenter.com\\\/de\\\/sale\\\/wohnung-libra-adeje-pueblo-adeje-vs9002i\\\/\",\"url\":\"https:\\\/\\\/tenerifecenter.com\\\/de\\\/sale\\\/wohnung-libra-adeje-pueblo-adeje-vs9002i\\\/\",\"name\":\"Wohnung zum Verkaufen in Adeje-Pueblo, Adeje, Tenerife - Teneriffa, Spanien\",\"isPartOf\":{\"@id\":\"https:\\\/\\\/tenerifecenter.com\\\/de\\\/#website\"},\"datePublished\":\"2024-10-04T09:44:20+00:00\",\"dateModified\":\"2026-09-03T13:09:01+00:00\",\"description\":\"Wohnung zum Verkaufen: 340000 \u20ac, Gesamtfl\u00e4che: 103m2, Wohnbereich: 93m2, Schlafzimmer: 2, Badezimmer: 2, Garderobe: 2. Eigenschaften: Balkon, Klimaanlage, Privater Parkplatz\",\"breadcrumb\":{\"@id\":\"https:\\\/\\\/tenerifecenter.com\\\/de\\\/sale\\\/wohnung-libra-adeje-pueblo-adeje-vs9002i\\\/#breadcrumb\"},\"inLanguage\":\"de\",\"potentialAction\":[{\"@type\":\"ReadAction\",\"target\":[\"https:\\\/\\\/tenerifecenter.com\\\/de\\\/sale\\\/wohnung-libra-adeje-pueblo-adeje-vs9002i\\\/\"]}]},{\"@type\":\"BreadcrumbList\",\"@id\":\"https:\\\/\\\/tenerifecenter.com\\\/de\\\/sale\\\/wohnung-libra-adeje-pueblo-adeje-vs9002i\\\/#breadcrumb\",\"itemListElement\":[{\"@type\":\"ListItem\",\"position\":1,\"name\":\"Home\",\"item\":\"https:\\\/\\\/tenerifecenter.com\\\/de\\\/\"},{\"@type\":\"ListItem\",\"position\":2,\"name\":\"Property for sale\",\"item\":\"https:\\\/\\\/tenerifecenter.com\\\/de\\\/sale\\\/\"},{\"@type\":\"ListItem\",\"position\":3,\"name\":\"Wohnung Libra, Adeje-Pueblo, Adeje\"}]},{\"@type\":\"WebSite\",\"@id\":\"https:\\\/\\\/tenerifecenter.com\\\/de\\\/#website\",\"url\":\"https:\\\/\\\/tenerifecenter.com\\\/de\\\/\",\"name\":\"VYM Canarias\",\"description\":\"Real Estate - Tenerife\",\"potentialAction\":[{\"@type\":\"SearchAction\",\"target\":{\"@type\":\"EntryPoint\",\"urlTemplate\":\"https:\\\/\\\/tenerifecenter.com\\\/de\\\/?s={search_term_string}\"},\"query-input\":{\"@type\":\"PropertyValueSpecification\",\"valueRequired\":true,\"valueName\":\"search_term_string\"}}],\"inLanguage\":\"de\"}]}<\/script>\n<!-- \/ Yoast SEO plugin. -->","yoast_head_json":{"title":"Wohnung zum Verkaufen in Adeje-Pueblo, Adeje, Tenerife - Teneriffa, Spanien","description":"Wohnung zum Verkaufen: 340000 \u20ac, Gesamtfl\u00e4che: 103m2, Wohnbereich: 93m2, Schlafzimmer: 2, Badezimmer: 2, Garderobe: 2. Eigenschaften: Balkon, Klimaanlage, Privater Parkplatz","robots":{"index":"index","follow":"follow","max-snippet":"max-snippet:-1","max-image-preview":"max-image-preview:large","max-video-preview":"max-video-preview:-1"},"canonical":"https:\/\/tenerifecenter.com\/de\/sale\/wohnung-libra-adeje-pueblo-adeje-vs9002i\/","og_locale":"de_DE","og_type":"article","og_title":"Wohnung zum Verkaufen in Adeje-Pueblo, Adeje, Tenerife - Teneriffa, Spanien","og_description":"Wohnung zum Verkaufen: 340000 \u20ac, Gesamtfl\u00e4che: 103m2, Wohnbereich: 93m2, Schlafzimmer: 2, Badezimmer: 2, Garderobe: 2. Eigenschaften: Balkon, Klimaanlage, Privater Parkplatz","og_url":"https:\/\/tenerifecenter.com\/de\/sale\/wohnung-libra-adeje-pueblo-adeje-vs9002i\/","og_site_name":"VYM Canarias","article_publisher":"https:\/\/www.facebook.com\/vym.canarias","article_modified_time":"2026-09-03T13:09:01+00:00","og_image":[{"width":512,"height":512,"url":"https:\/\/tenerifecenter.com\/wp-content\/uploads\/2019\/11\/vym-canarias-icon-512-whitebg.png","type":"image\/png"}],"twitter_card":"summary_large_image","twitter_misc":{"Gesch\u00e4tzte Lesezeit":"1\u00a0Minute"},"schema":{"@context":"https:\/\/schema.org","@graph":[{"@type":"WebPage","@id":"https:\/\/tenerifecenter.com\/de\/sale\/wohnung-libra-adeje-pueblo-adeje-vs9002i\/","url":"https:\/\/tenerifecenter.com\/de\/sale\/wohnung-libra-adeje-pueblo-adeje-vs9002i\/","name":"Wohnung zum Verkaufen in Adeje-Pueblo, Adeje, Tenerife - Teneriffa, Spanien","isPartOf":{"@id":"https:\/\/tenerifecenter.com\/de\/#website"},"datePublished":"2024-10-04T09:44:20+00:00","dateModified":"2026-09-03T13:09:01+00:00","description":"Wohnung zum Verkaufen: 340000 \u20ac, Gesamtfl\u00e4che: 103m2, Wohnbereich: 93m2, Schlafzimmer: 2, Badezimmer: 2, Garderobe: 2. Eigenschaften: Balkon, Klimaanlage, Privater Parkplatz","breadcrumb":{"@id":"https:\/\/tenerifecenter.com\/de\/sale\/wohnung-libra-adeje-pueblo-adeje-vs9002i\/#breadcrumb"},"inLanguage":"de","potentialAction":[{"@type":"ReadAction","target":["https:\/\/tenerifecenter.com\/de\/sale\/wohnung-libra-adeje-pueblo-adeje-vs9002i\/"]}]},{"@type":"BreadcrumbList","@id":"https:\/\/tenerifecenter.com\/de\/sale\/wohnung-libra-adeje-pueblo-adeje-vs9002i\/#breadcrumb","itemListElement":[{"@type":"ListItem","position":1,"name":"Home","item":"https:\/\/tenerifecenter.com\/de\/"},{"@type":"ListItem","position":2,"name":"Property for sale","item":"https:\/\/tenerifecenter.com\/de\/sale\/"},{"@type":"ListItem","position":3,"name":"Wohnung Libra, Adeje-Pueblo, Adeje"}]},{"@type":"WebSite","@id":"https:\/\/tenerifecenter.com\/de\/#website","url":"https:\/\/tenerifecenter.com\/de\/","name":"VYM Canarias","description":"Real Estate - Tenerife","potentialAction":[{"@type":"SearchAction","target":{"@type":"EntryPoint","urlTemplate":"https:\/\/tenerifecenter.com\/de\/?s={search_term_string}"},"query-input":{"@type":"PropertyValueSpecification","valueRequired":true,"valueName":"search_term_string"}}],"inLanguage":"de"}]}},"_links":{"self":[{"href":"https:\/\/tenerifecenter.com\/de\/wp-json\/wp\/v2\/property_sale\/927880","targetHints":{"allow":["GET"]}}],"collection":[{"href":"https:\/\/tenerifecenter.com\/de\/wp-json\/wp\/v2\/property_sale"}],"about":[{"href":"https:\/\/tenerifecenter.com\/de\/wp-json\/wp\/v2\/types\/property_sale"}],"author":[{"embeddable":true,"href":"https:\/\/tenerifecenter.com\/de\/wp-json\/wp\/v2\/users\/3"}],"replies":[{"embeddable":true,"href":"https:\/\/tenerifecenter.com\/de\/wp-json\/wp\/v2\/comments?post=927880"}],"wp:attachment":[{"href":"https:\/\/tenerifecenter.com\/de\/wp-json\/wp\/v2\/media?parent=927880"}],"curies":[{"name":"wp","href":"https:\/\/api.w.org\/{rel}","templated":true}]}}

Wir bieten Ihnen diese wunderschöne Wohnung im Zentrum von Adeje im Süden von Teneriffa an.
Stilvoll eingerichtet, diese moderne Wohnung mit zwei Schlafzimmern und zwei Bädern ermöglicht es Ihnen, im Zentrum von Adeje zu leben, umgeben von allen notwendigen Dienstleistungen für ein komfortables Alltagsleben, aber nur wenige Minuten vom touristischen Zentrum und den Stränden des Südens, Costa Adeje entfernt.
Sie werden das geräumige Wohnzimmer und die offene Küche genießen und die Helligkeit während des ganzen Tages.
Es hat auch zwei Balkone, einer mit direktem Zugang vom Wohnzimmer und der andere mit direktem Zugang von einem der Schlafzimmer.
Das Gebäude wurde erst kürzlich gebaut und hat nur sehr wenige Nachbarn, die sich eine Penthouse-Terrasse teilen, um sie mit Freunden oder der Familie zu genießen.
Wenn Sie auf der Suche nach einer Investition sind, ist dies die richtige Wohnung für Sie. Aber wenn Sie eine Wohnung in einer Wohngegend suchen, ist dies auch die richtige Wohnung für Sie! Kontaktieren Sie uns noch heute. Wir begleiten Sie gerne zu einer Besichtigung. 
103 m² bebaut, 93 m² nutzbar
2 Schlafzimmer/2 Bäder
Balkon
Stellplatz im Preis inbegriffen
Einbauschränke
Gebaut in 2019
Gebäude 1. Stock außen. Mit Aufzug
Klimatisierung

<!-- This site is optimized with the Yoast SEO plugin v28.4 - https://yoast.com/product/yoast-seo-wordpress/ -->
<title>Wohnung zum Verkaufen in Adeje-Pueblo, Adeje, Tenerife - Teneriffa, Spanien</title>
<meta name="description" content="Wohnung zum Verkaufen: 340000 €, Gesamtfläche: 103m2, Wohnbereich: 93m2, Schlafzimmer: 2, Badezimmer: 2, Garderobe: 2. Eigenschaften: Balkon, Klimaanlage, Privater Parkplatz" />
<meta name="robots" content="index, follow, max-snippet:-1, max-image-preview:large, max-video-preview:-1" />
<link rel="canonical" href="https://tenerifecenter.com/de/sale/wohnung-libra-adeje-pueblo-adeje-vs9002i/" />
<meta property="og:locale" content="de_DE" />
<meta property="og:type" content="article" />
<meta property="og:title" content="Wohnung zum Verkaufen in Adeje-Pueblo, Adeje, Tenerife - Teneriffa, Spanien" />
<meta property="og:description" content="Wohnung zum Verkaufen: 340000 €, Gesamtfläche: 103m2, Wohnbereich: 93m2, Schlafzimmer: 2, Badezimmer: 2, Garderobe: 2. Eigenschaften: Balkon, Klimaanlage, Privater Parkplatz" />
<meta property="og:url" content="https://tenerifecenter.com/de/sale/wohnung-libra-adeje-pueblo-adeje-vs9002i/" />
<meta property="og:site_name" content="VYM Canarias" />
<meta property="article:publisher" content="https://www.facebook.com/vym.canarias" />
<meta property="article:modified_time" content="2026-09-03T13:09:01+00:00" />
<meta property="og:image" content="https://tenerifecenter.com/wp-content/uploads/2019/11/vym-canarias-icon-512-whitebg.png" />
	<meta property="og:image:width" content="512" />
	<meta property="og:image:height" content="512" />
	<meta property="og:image:type" content="image/png" />
<meta name="twitter:card" content="summary_large_image" />
<meta name="twitter:label1" content="Geschätzte Lesezeit" />
	<meta name="twitter:data1" content="1 Minute" />
<script type="application/ld+json" class="yoast-schema-graph">{"@context":"https:\/\/schema.org","@graph":[{"@type":"WebPage","@id":"https:\/\/tenerifecenter.com\/de\/sale\/wohnung-libra-adeje-pueblo-adeje-vs9002i\/","url":"https:\/\/tenerifecenter.com\/de\/sale\/wohnung-libra-adeje-pueblo-adeje-vs9002i\/","name":"Wohnung zum Verkaufen in Adeje-Pueblo, Adeje, Tenerife - Teneriffa, Spanien","isPartOf":{"@id":"https:\/\/tenerifecenter.com\/de\/#website"},"datePublished":"2024-10-04T09:44:20+00:00","dateModified":"2026-09-03T13:09:01+00:00","description":"Wohnung zum Verkaufen: 340000 €, Gesamtfläche: 103m2, Wohnbereich: 93m2, Schlafzimmer: 2, Badezimmer: 2, Garderobe: 2. Eigenschaften: Balkon, Klimaanlage, Privater Parkplatz","breadcrumb":{"@id":"https:\/\/tenerifecenter.com\/de\/sale\/wohnung-libra-adeje-pueblo-adeje-vs9002i\/#breadcrumb"},"inLanguage":"de","potentialAction":[{"@type":"ReadAction","target":["https:\/\/tenerifecenter.com\/de\/sale\/wohnung-libra-adeje-pueblo-adeje-vs9002i\/"]}]},{"@type":"BreadcrumbList","@id":"https:\/\/tenerifecenter.com\/de\/sale\/wohnung-libra-adeje-pueblo-adeje-vs9002i\/#breadcrumb","itemListElement":[{"@type":"ListItem","position":1,"name":"Home","item":"https:\/\/tenerifecenter.com\/de\/"},{"@type":"ListItem","position":2,"name":"Property for sale","item":"https:\/\/tenerifecenter.com\/de\/sale\/"},{"@type":"ListItem","position":3,"name":"Wohnung Libra, Adeje-Pueblo, Adeje"}]},{"@type":"WebSite","@id":"https:\/\/tenerifecenter.com\/de\/#website","url":"https:\/\/tenerifecenter.com\/de\/","name":"VYM Canarias","description":"Real Estate - Tenerife","potentialAction":[{"@type":"SearchAction","target":{"@type":"EntryPoint","urlTemplate":"https:\/\/tenerifecenter.com\/de\/?s={search_term_string}"},"query-input":{"@type":"PropertyValueSpecification","valueRequired":true,"valueName":"search_term_string"}}],"inLanguage":"de"}]}</script>
<!-- / Yoast SEO plugin. -->

Wohnung zum Verkaufen: 340000 €, Gesamtfläche: 103m2, Wohnbereich: 93m2, Schlafzimmer: 2, Badezimmer: 2, Garderobe: 2. Eigenschaften: Balkon, Klimaanlage, Privater Parkplatz
